{"id":8,"date":"2014-11-17T09:41:59","date_gmt":"2014-11-17T07:41:59","guid":{"rendered":"http:\/\/kurierdienst-dietrich.de\/wordpress\/?page_id=8"},"modified":"2014-12-27T14:01:40","modified_gmt":"2014-12-27T12:01:40","slug":"allgemeine-infos","status":"publish","type":"page","link":"http:\/\/kurierdienst-dietrich.de\/?page_id=8","title":{"rendered":"Allgemeine Infos"},"content":{"rendered":"<p style=\"padding-left: 120px;\"><span style=\"color: #333333; font-family: verdana, geneva;\"><span style=\"font-size: small;\"><span style=\"color: #000000;\"><span style=\"font-size: medium;\"><b>Wie funktioniert ein Kurierdienst?<\/b><\/span><\/span><\/span><\/span><\/p>\n<p style=\"padding-left: 120px;\"><span style=\"color: #333333; font-family: verdana, geneva;\"><span style=\"font-size: small;\"><span style=\"color: #000000;\">Ein Kurierdienst bef\u00f6rdert Sendungen direkt vom Absender zum Empf\u00e4nger. Wie einem Taxi teilen Sie uns per Telefon mit, welche Sendung Sie zu welchem Empf\u00e4nger gebracht haben m\u00f6chten. Innerhalb k\u00fcrzester Zeit sind wir bei Ihnen und bringen die Sendung auf direktem Wege zum gew\u00fcnschten Ort.<br \/>\nSie k\u00f6nnen uns soviel Bef\u00f6rderungsgut mitgeben wie in das jeweilige Fahrzeug gewichtsm\u00e4\u00dfig bzw. volumenm\u00e4\u00dfig geladen werden kann. Informationen zu der Gr\u00f6\u00dfe unserer Autos finden Sie hier:<\/span><\/span><\/span><\/p>\n<p style=\"padding-left: 120px;\"><span style=\"font-family: verdana, geneva;\"><em><span style=\"color: #333333;\"><span style=\"font-size: small;\"><a title=\"Autos\" href=\"http:\/\/kurierdienst-dietrich.de\/?page_id=12\" target=\"_blank\">Informationen zu den Fahrzeugen<\/a><\/span><\/span><\/em><\/span><\/p>\n<p style=\"padding-left: 120px;\"><span style=\"color: #333333; font-family: verdana, geneva;\"><span style=\"font-size: small;\"><span style=\"color: #000000;\"><span style=\"font-size: medium;\"><b>Wie werden die Preise berechnet?<\/b><\/span><\/span><span style=\"color: #000000;\"><br \/>\n<\/span><span style=\"color: #000000;\"><b>Lastkilometer<\/b><\/span><span style=\"color: #000000;\">\u00a0<\/span><\/span><\/span><\/p>\n<p style=\"padding-left: 120px;\"><span style=\"color: #333333; font-family: verdana, geneva;\"><span style=\"font-size: small;\">Unsere Firma befindet sich in Hamb\u00fchren bei Celle. Sie zahlen jedoch keine Anfahrtskosten wenn wir zu Ihnen kommen.\u00a0Unsere Preise werden nach Lastkilometern berechnet.\u00a0Das hei\u00dft, Sie zahlen f\u00fcr die Bef\u00f6rderung Ihrer Waren nur den Preis f\u00fcr die Kilometerentfernung vom Sitz Ihrer Firma bis zum Empf\u00e4nger (die R\u00fcckfahrt wird nicht berechnet). Wenn wir f\u00fcr Sie eine Abholung vornehmen sollen, wird der Preis ebenfalls nur durch die Kilometeranzahl vom Absender bis zu Ihnen bestimmt. Sie zahlen auch daf\u00fcr keine Anfahrtskosten. F\u00fcr das Stadtgebiet von Hannover haben wir eine gesonderte Preisliste, die sich nach Zonen berechnet. N\u00e4here Informationen dazu finden Sie hier:<\/span><\/span><\/p>\n<p style=\"padding-left: 120px;\"><span style=\"font-family: verdana, geneva;\"><em><span style=\"color: #333333;\"><span style=\"font-size: small;\"><a title=\"Stadtfahrten Hannover\" href=\"http:\/\/kurierdienst-dietrich.de\/?page_id=16\" target=\"_blank\">Stadtfahrten Hannover<\/a>\u00a0<\/span><\/span><\/em><\/span><\/p>\n<p style=\"padding-left: 120px;\"><span style=\"color: #000000; font-family: verdana, geneva;\"><span style=\"font-size: medium;\"><b>Was k\u00f6nnen wir alles bef\u00f6rdern?<\/b><\/span><\/span><\/p>\n<p style=\"padding-left: 120px;\"><span style=\"color: #333333; font-family: verdana, geneva;\"><span style=\"font-size: small;\">Mit unserem PKW (Peugeot Partner) k\u00f6nnen wir Sendungen mit einem Gewicht von bis zu 200 Kg bef\u00f6rdern.<br \/>\nMit unserem Bus (Mercedes Benz Sprinter) k\u00f6nnen wir Sendungen mit einem Gewicht von bis zu 1200 Kg bef\u00f6rdern. Die Laderaumma\u00dfe betragen: H\u00f6he: 175 cm Breite: 170 cm L\u00e4nge: 330 cm Der Laderaum bietet Platz f\u00fcr vier Europaletten.<\/span><\/span><\/p>\n<p style=\"padding-left: 120px;\"><span style=\"color: #000000; font-family: verdana, geneva;\"><span style=\"font-size: medium;\"><b>Wie werden die Fahrzeuge beladen?<\/b><\/span><\/span><\/p>\n<p style=\"padding-left: 120px;\"><span style=\"color: #333333; font-family: verdana, geneva;\"><span style=\"font-size: small;\">Wenn Sie Waren auf Einweg- oder Europaletten verschicken m\u00f6chten, sollte beim Be- und Entladen ein Gabelstapler zur Verf\u00fcgung stehen. Waren in Kartons (bis zu einem Einzelgewicht von 10 Kg) k\u00f6nnen von uns auch per Hand eingeladen werden. Bei Kartons die dieses Gewicht \u00fcberschreiten sollte beim Be- und Entladen eine Hilfskraft zur Verf\u00fcgung stehen.<\/span><\/span><\/p>\n<p style=\"padding-left: 120px;\"><span style=\"font-family: verdana, geneva;\"><em><span style=\"color: #333333;\"><span style=\"font-size: small;\"><a title=\"Preise\" href=\"http:\/\/kurierdienst-dietrich.de\/?page_id=14\" target=\"_blank\">weitere Infos zu den Preisen<\/a><\/span><\/span><\/em><\/span><\/p>\n","protected":false},"excerpt":{"rendered":"<p>Wie funktioniert ein Kurierdienst? Ein Kurierdienst bef\u00f6rdert Sendungen direkt vom Absender zum Empf\u00e4nger. Wie einem Taxi teilen Sie uns per Telefon mit, welche Sendung Sie zu welchem Empf\u00e4nger gebracht haben m\u00f6chten. Innerhalb k\u00fcrzester Zeit sind wir bei Ihnen und bringen die Sendung auf direktem Wege zum gew\u00fcnschten Ort. Sie k\u00f6nnen uns soviel Bef\u00f6rderungsgut mitgeben wie<\/p>\n<p><a class=\"button\" href=\"http:\/\/kurierdienst-dietrich.de\/?page_id=8\" title=\"More\">  Read More \u2192<\/a><\/p>\n","protected":false},"author":1,"featured_media":0,"parent":0,"menu_order":0,"comment_status":"open","ping_status":"open","template":"","meta":[],"_links":{"self":[{"href":"http:\/\/kurierdienst-dietrich.de\/index.php?rest_route=\/wp\/v2\/pages\/8"}],"collection":[{"href":"http:\/\/kurierdienst-dietrich.de\/index.php?rest_route=\/wp\/v2\/pages"}],"about":[{"href":"http:\/\/kurierdienst-dietrich.de\/index.php?rest_route=\/wp\/v2\/types\/page"}],"author":[{"embeddable":true,"href":"http:\/\/kurierdienst-dietrich.de\/index.php?rest_route=\/wp\/v2\/users\/1"}],"replies":[{"embeddable":true,"href":"http:\/\/kurierdienst-dietrich.de\/index.php?rest_route=%2Fwp%2Fv2%2Fcomments&post=8"}],"version-history":[{"count":10,"href":"http:\/\/kurierdienst-dietrich.de\/index.php?rest_route=\/wp\/v2\/pages\/8\/revisions"}],"predecessor-version":[{"id":146,"href":"http:\/\/kurierdienst-dietrich.de\/index.php?rest_route=\/wp\/v2\/pages\/8\/revisions\/146"}],"wp:attachment":[{"href":"http:\/\/kurierdienst-dietrich.de\/index.php?rest_route=%2Fwp%2Fv2%2Fmedia&parent=8"}],"curies":[{"name":"wp","href":"https:\/\/api.w.org\/{rel}","templated":true}]}}